5*h + 5*c + 2 = -13, 5*h + 9 = c. What is the remainder when (2/4)/(h/(-52)) is divided by g(-2)?
6
Let g(q) = -16*q - 3. Calculate the remainder when g(-8) is divided by 32.
29
Suppose -2*s = 2*s + 4*p - 168, 3*p + 175 = 4*s. What is the remainder when s is divided by 11?
10
Let r(t) be the third derivative of -t**4/8 - 2*t**3 - 6*t**2. What is the remainder when 22 is divided by r(-6)?
4
Suppose -2*s + 3*s = 4*z + 5, 0 = 2*z + 2*s. Let c = 23 - z. Let d = -12 + c. What is the remainder when d is divided by 7?
5
Suppose 4*r - s - 234 = s, -3*r = -2*s - 173. What is the remainder when r is divided by 21?
19
Suppose -f - 5*c = -19, 0 = -4*f + 2*c + 2*c + 28. Suppose f*m = 7*m + 12. Calculate the remainder when 9 is divided by m.
3
Let s = 140 + -87. Suppose -2*i - 12 = -0*i + 2*q, 25 = -5*i - 4*q. What is the remainder when s is divided by i/(-4) + 71/4?
17
What is the remainder when 29 is divided by 664/40 - 3/5?
13
Suppose -5*s = -4*p - 8, 0 = 5*p - 20 + 5. Let b = 0 + s. Calculate the remainder when 11 is divided by b.
3
Suppose -2*i = -4*x - 4, -3*x + 4*i - i - 6 = 0. What is the remainder when (x + 0)*1 - -23 is divided by 8?
7
Let h(m) = -5*m**3 + 2*m**2 + 6*m - 1. Let z(d) = -d**3 + d - 1. Let q(u) = -h(u) + 6*z(u). What is the remainder when 78 is divided by q(-4)?
24
Let k = -3 - -10. What is the remainder when k is divided by 3?
1
Suppose 627 = 16*l + 3*l. Calculate the remainder when l is divided by 12.
9
Let a = -273 - -557. What is the remainder when a is divided by 57?
56
Let w = -36 - -73. Calculate the remainder when 108 is divided by w.
34
Let u be (-1 - 1) + 3 + 2. Suppose -g - 11 = -u*t, 0 = -4*t - g + 5 - 2. Calculate the remainder when 6 is divided by t.
0
Let w(j) = j**2 - 2*j - 1. Let f be w(-1). Suppose p - 3*p = b - 9, b + 15 = f*p. What is the remainder when p is divided by 2?
0
Let p(h) = 7*h - 27. Calculate the remainder when 27 is divided by p(6).
12
Calculate the remainder when (45/(-20))/((-12)/64) is divided by 5.
2
Let u(f) = -f**3 + 2*f. Let a be u(-2). Suppose a*o = -0*o + 52. Let r(l) = 9*l**2 - 2*l - 3. What is the remainder when r(-2) is divided by o?
11
Suppose -5*s = -4*b - 14, -1 + 3 = -s + 2*b. Suppose -2*f - f = -s. Calculate the remainder when f is divided by 1.
0
Suppose 0 = 2*q - 3*q - w + 20, -q = -5*w - 26. Let r = 10 + 32. Suppose 8*u - r - 46 = 0. Calculate the remainder when q is divided by u.
10
Suppose -36 = -5*s - 181. Let b be s/(0 + 0 - 1). Suppose -r + 3 = 5*d - 87, -2*r - b = -d. What is the remainder when d is divided by 7?
5
Let q be (2/4)/((-3)/(-6)). Suppose -w + q + 1 = 0. Suppose 0 = 5*t - 3*t - 10. Calculate the remainder when t is divided by w.
1
Let h be (-30)/(-8) - (-6)/(-8). Calculate the remainder when 37 is divided by 40/h - (-1)/(-3).
11
Suppose 14*a - 125 = 9*a. What is the remainder when 148 is divided by a?
23
Let s(z) = -z**3 + 10*z**2 + z - 5. Let a be s(10). Suppose -d + 9 = -y, 3*d + 0*y = -a*y - 5. Calculate the remainder when 9 is divided by d.
4
Suppose -f + 5*f = 84. What is the remainder when f is divided by 8?
5
Let b be (-5)/(-2) + (-8)/16. Suppose 0*z - b*z + 46 = 0. Calculate the remainder when z is divided by 13.
10
Let w(q) = 2*q**2 - 4*q. Calculate the remainder when 157/5 + 2/(-5) is divided by w(4).
15
Let m(p) = p**3 - 3*p**2 - 3*p - 4. Suppose 0*t = 4*t - 16. Let j be m(t). Suppose j = -6*x + x + 190. Calculate the remainder when x is divided by 13.
12
Let t = 5 - 17. What is the remainder when 22 is divided by (-52)/(-6) + 8/t?
6
Let o(f) = 43*f**2. What is the remainder when o(1) is divided by 11?
10
Let p = -6 - -13. Let u(c) = 5*c**3 - c**2 - c + 1. What is the remainder when u(1) is divided by 19/p + 2/7?
1
Suppose 0 = -t + 2*t - 1099. Suppose t = 3*d + 73. What is the remainder when 2/10 - d/(-15) is divided by 12?
11
Let s = 94 - 89. Suppose 3*w + 68 = 5*l - 39, 99 = 5*l - w. What is the remainder when l is divided by s?
4
Let c = 144 + -38. Let z = c + -49. What is the remainder when z is divided by 15?
12
Let o(d) = 2*d**2 - 12*d - 5. What is the remainder when o(8) is divided by 11?
5
Let k(p) = -3*p. Let t be k(-1). Let m = 17 + 9. Calculate the remainder when 24 is divided by (m/6)/(1/t).
11
Let b = 1 + -2. Let l(q) = 7*q**2 - q - 1. Let o(v) = -2*v**3 + 12*v**2 + 3*v - 6. Calculate the remainder when o(6) is divided by l(b).
5
Let q = 14 + -7. What is the remainder when q is divided by 3?
1
Calculate the remainder when 17 is divided by 5 - 1 - (-2 - 0).
5
Suppose -123 = -3*z - 3*r, -57 = -z - r - 4*r. What is the remainder when z is divided by 20?
17
Let m = -7 - -19. Let b = -39 + 109. Let g = -35 + b. Calculate the remainder when g is divided by m.
11
Suppose 0*z = -4*z. Suppose z*j = 4*j - 204. What is the remainder when j is divided by 18?
15
Let k(x) = 12*x + 8. Let v be k(6). What is the remainder when 34 is divided by (-28)/(-49) + v/7?
10
Let p be (-1 + -1 + 1)*3. Suppose -5*t + 122 = -183. What is the remainder when t is divided by p/((-1)/7 - 0)?
19
Suppose 5*f + 1 = 2*o - 3, -o = 4*f - 2. Let g be 3/(-5)*(1 - 6). Suppose 0 = g*u + o*u - 55. What is the remainder when 31 is divided by u?
9
Suppose -3*n + 408 = 3*v, 2*v + 3*n = 222 + 53. Let x = v + -58. What is the remainder when x is divided by 19?
18
Suppose 4*g - 132 = 5*h, 0 = -2*g - 2*g - 3*h + 132. What is the remainder when g is divided by 9?
6
Suppose -3*y - 3*r + 183 = 0, 3*y - 58 = 2*r + 105. What is the remainder when y is divided by 12?
9
Let j(g) = 3 - 14*g**2 - 5*g**2 + 12*g**2 - 6*g - g**3 + 1. Let p = -3 + -3. What is the remainder when 7 is divided by j(p)?
3
What is the remainder when (-3 - -1)/2 - -17 is divided by 6?
4
Calculate the remainder when 109 is divided by -4 - (6/(-2) + -29).
25
Let s = 47 - 79. Let a = 51 + s. What is the remainder when a is divided by 7?
5
Calculate the remainder when (-1981)/(-35) - (-4)/10 is divided by 15.
12
Suppose 11*t + 3*t - 336 = 0. Calculate the remainder when 95 is divided by t.
23
Let d = 4 + -2. Suppose 5*x = 4*k - 22, d*x + 18 = 4*k - x. Calculate the remainder when 4 is divided by k.
1
Let p(j) be the first derivative of -2*j**2 + 6*j + 1. Suppose -5*l = -0*l - 70. What is the remainder when p(-5) is divided by l?
12
Let z be (-292)/7 + 8/(-28). Let g = z - -24. Let r = g - -70. Calculate the remainder when r is divided by 18.
16
What is the remainder when 29 + (3 - 2) + -3 is divided by 3*20/(-18)*-3?
7
Suppose -4*l = -2*l - 4. Let b = 2 + 0. What is the remainder when l is divided by b?
0
Let y(k) = k**3 - 2*k - 6. Let w be (0 - 1)/(3/(-12)). Calculate the remainder when y(w) is divided by 13.
11
Let z = -12 + 14. Suppose o - b = 23 + z, -b - 94 = -4*o. What is the remainder when o is divided by 8?
7
Suppose 3*u + 14 = 5*x, 0 = -4*x - u + 3*u + 12. Calculate the remainder when 13 is divided by x.
1
Suppose -7*d + 212 = -3*d. Calculate the remainder when d is divided by 9.
8
Let w(o) = -4*o + 1. Let n be w(-3). Suppose -3*y = -2*r + 91, -r - 6*y + n = -y. What is the remainder when r is divided by 10?
8
Let j(l) = -l**3 - 7*l**2 - 9*l - 1. Suppose 0*u = 6*u - 294. What is the remainder when u is divided by j(-6)?
15
Suppose -250 = -4*s + 2*x, 4*s - s - 191 = 5*x. Suppose -6*b + 4*b = -s. Calculate the remainder when b is divided by 17.
14
Let b(i) = 2*i - 16. Let v be b(0). Let m = -5 - v. Calculate the remainder when m is divided by 7.
4
Let n(d) be the first derivative of d**4/4 + 5*d**3/3 - d**2 - 3*d - 1. What is the remainder when 61 is divided by n(-4)?
19
Let s(t) = 4*t - 17. Calculate the remainder when 46 is divided by s(6).
4
Let x(t) = t**2 - 2*t - 2. Suppose -2*w = -38 - 22. Calculate the remainder when x(12) is divided by w.
28
Suppose -3*y = -2*g - 2*y + 88, -3*g = -y - 132. Calculate the remainder when 172 is divided by g.
40
Let t(w) = -21*w. Suppose -4*g + 31 + 28 = -z, -g + 3*z + 12 = 0. What is the remainder when t(-2) is divided by g?
12
Calculate the remainder when 23 is divided by (-14)/7*(-8)/2.
7
Suppose 0*l - 175 = -3*g + l, 0 = -3*g - 3*l + 195. What is the remainder when g is divided by 31?
29
Suppose -4*z + 35 = -225. What is the remainder when z is divided by 23?
19
Let k(t) = -t**3 + 7*t**2 - 6*t - 5. Suppose -32 = 3*a + 5*n, -n - 2 = n. Let h = -4 - a. Calculate the remainder wh